*p + 138. What is the units digit of p?
9
What is the tens digit of 0 + -267*2/(-6)?
8
Suppose -2*z - z = 9. What is the units digit of ((-6)/(-9))/((-1)/z)?
2
Let t(j) = -2*j + 2. What is the units digit of t(-16)?
4
Let f = 389 + -238. What is the tens digit of f?
5
Let f(p) = 16*p**3 + p**2 - p - 1. Let b be f(-1). What is the units digit of ((-72)/b)/((-2)/(-15))?
6
Suppose -5*l = 5*q + 85, 4*q + 4*l + 32 = 3*q. Let r = q - -20. What is the units digit of r?
8
Suppose -12 = q - 2*q. Let r = q - 24. Let l = r + 18. What is the units digit of l?
6
Let s(i) = i + 1. Let x be s(5). Suppose t = -0*t + x. What is the units digit of t?
6
Suppose -10*s = -5*s - 20. Suppose -13 = -o - s. What is the units digit of o?
9
Let c(s) = s**2 - 9*s - 8. What is the tens digit of c(11)?
1
Let x be (-86)/(-18) - (-14)/63. Suppose 2*f - 54 = -4*c, -2*f - 2*f = -x*c - 43. What is the units digit of f?
7
Let w(x) = x**2 + 7*x + 4. What is the tens digit of w(-9)?
2
Let g(w) = -5*w + 4*w + 3*w + 5 - w. Let b be g(-5). Suppose -9*f + 7*f + 40 = b. What is the units digit of f?
0
Suppose -3*t = -2*r + 5, r + 3*r - t + 5 = 0. What is the units digit of 9*(2 + r/(-2))?
7
Suppose 73 = 2*k - t, 12 = k - t - 23. What is the tens digit of k?
3
Let x(o) = o**2. Let j be x(2). Suppose 0*d = 3*m - d - 28, 3*d = -j*m + 46. What is the units digit of m?
0
Let j(v) = v + 2. Let t be 1 + -2*1/(-2). Suppose 5*s + 4 = t*d, -s + 5*s - d + 2 = 0. What is the units digit of j(s)?
2
Let y = -1 - 0. What is the units digit of (-105)/(-12) + y/(-4)?
9
Suppose 110 = -3*f + 434. What is the hundreds digit of f?
1
What is the units digit of (-54)/(-8) + 15/(-20)?
6
Suppose -5 = -g - i - 3, 2 = g - i. Let q be g/3 - (-146)/6. Suppose n - m = -2*m + 12, 3*m = -2*n + q. What is the tens digit of n?
1
Let d(o) = -o**2 - o + 1. Let k be d(-4). Let v = 26 + k. What is the tens digit of v?
1
Let i = -5 + 5. Suppose n - 3 - 7 = i. Let p = n + -6. What is the units digit of p?
4
What is the units digit of ((-105)/(-18))/(-7)*-114?
5
Let h be ((-2)/6)/(2/(-12)). Suppose -h*b + 2*y = -52 - 46, -4*b + 5*y + 194 = 0. What is the units digit of b?
1
Let c = 126 + -38. What is the units digit of c?
8
Let z(t) = t**2 - t - 4. Let s(y) = -y + 3. Let p be s(8). Let g = 8 + p. What is the units digit of z(g)?
2
Suppose -61 + 226 = 5*y. What is the tens digit of y?
3
Let p = -12 + 12. Let d be (-2)/6 + (-13)/(-3). Suppose p = -d*a + 30 + 6. What is the units digit of a?
9
Let g be (-2)/(24/(-9) + 2). Suppose -2*d - g*d = -50. What is the units digit of d?
0
Let n(f) = -3*f - 5. Suppose -3*z + 45 = 2*z. Let p = z - 14. What is the tens digit of n(p)?
1
Suppose 2*h - 17 = 4*o - 3, 5*o = -4*h + 2. Suppose -2*m + 32 = 2*s + 2*s, -h*m = -2*s + 16. What is the units digit of s?
8
Let s = -4 + 11. What is the units digit of s?
7
Let s = 11 + -10. What is the units digit of s/((5/8)/5)?
8
Let x(i) = i**2 + 3*i - 10. What is the units digit of x(-8)?
0
Let r = 3 - 0. Suppose x + 14 = r*m - 0*x, -4*m + x + 17 = 0. Suppose 0*k + m*k - 6 = 0. What is the units digit of k?
2
Let l = 19 - 7. Suppose 5*y + 3*x - 113 + l = 0, 4*x - 54 = -3*y. What is the tens digit of y?
2
Let n(l) = -l**2 + 17*l + 15. What is the units digit of n(16)?
1
Let p(c) = 3*c - 3. Let h be (-1 + -6 - -1)*1. Let d be p(h). What is the tens digit of 2/(-4) + d/(-2)?
1
Let r(y) = 32*y - 9. Let g be r(-5). What is the tens digit of (-3)/9 - g/3?
5
Let b(o) = -5*o**3 + o**2 + 2. What is the units digit of b(-2)?
6
Suppose 4*w = 292 + 248. What is the tens digit of w?
3
Let a be 3*(3/(-9) + 1). Suppose 0 = h - a*h + 14. Let m = -4 + h. What is the units digit of m?
0
Suppose 2*l - 2 - 8 = 0. Suppose 5*r - 19 = -2*m + 2*r, l*r = -m + 27. What is the units digit of m?
2
Let k = -6 + 16. Let f = -7 + k. Suppose -f*q - 9 = -2*s - 2*q, -3*s + 4*q = -26. What is the units digit of s?
2
Suppose -20 = -2*g - 2. Let f be (-3)/(-4) + 22/(-8). Let t = g - f. What is the units digit of t?
1
What is the units digit of -4 + -21*(-3)/9 - 2?
1
Let t = -16 - -44. What is the units digit of t?
8
Let y(q) = q**2 - 6*q + 12. What is the units digit of y(10)?
2
Suppose -l + 150 - 43 = 0. What is the units digit of l?
7
Let t = -36 - -26. Let h = -5 - t. Suppose 0 = h*v - 30. What is the units digit of v?
6
Suppose -5*o + 450 = -3*o + 3*z, -3*z - 1104 = -5*o. What is the tens digit of o?
2
Suppose -126 = -2*i - i. What is the tens digit of i?
4
Suppose 0*q = -5*i + 3*q + 1, 2*i + 5 = 3*q. Suppose -i*l + 1 + 1 = 0. What is the units digit of l?
1
Let b(t) be the third derivative of t**6/120 + 7*t**5/60 + t**4/4 + 5*t**3/6 - 2*t**2. What is the units digit of b(-6)?
5
Let k be 5*(8/(-20) - 0). Let w = k + 5. What is the units digit of w?
3
Let s(v) be the third derivative of v**5/60 + v**4/12 + v**3/2 - v**2. What is the tens digit of s(-4)?
1
Suppose 0 = 8*u - 3*u. Suppose 2*g = g + 20. Suppose u = -5*y - 0 + g. What is the units digit of y?
4
Let i = -206 - -203. Let w(n) = -n**2 + 2*n + 1. Let k be w(2). What is the units digit of 1 + (-10)/(k + i)?
6
Suppose 3*g + 3*l = 4*g - 15, 2*l = -5*g + 41. Let h = g - 1. What is the units digit of h?
8
Let t(u) = -2*u + 8. Let o be t(6). Let j be 10/o - (-1)/2. What is the units digit of (-2 - -1) + 8 + j?
5
Let v(p) = p**2 + 8*p + 4. Let a be v(-6). Let c be (a/(-3))/((-6)/(-9)). Suppose -85 = -s - c*s. What is the tens digit of s?
1
Let h = 21 - 14. What is the units digit of h?
7
Let z(w) = -w**3 + 6*w**2 + 6*w + 7. Let g be z(7). Let v = 14 + -9. Let x = g + v. What is the units digit of x?
5
Suppose -3*q = -6 - 27. Let d = q - -2. What is the units digit of d?
3
Let w = 438 + -253. What is the hundreds digit of w?
1
Suppose -5*x + 0*r = 4*r - 13, -3*x + 5*r - 7 = 0. Let t be x/(-2)*2 - -19. Let l = -11 + t. What is the units digit of l?
7
Let z(y) = -y**3 + 5*y**2 + 5*y + 7. Let c be z(5). Let x = -22 + c. What is the tens digit of x?
1
Suppose 10*w - 14*w + 340 = 0. Let r be (10/3)/((-4)/(-6)). What is the units digit of (1 - 0)*w/r?
7
Let d be -2 - (1 - 3) - -5. Let r = -2 + 37. Suppose 5*b - r = -5*m + m, 3*m - 35 = -d*b. What is the units digit of b?
7
Let n be (-1 - 0)/((-5)/25). Suppose n*x - 10 = -o, 0 = 5*o - 4*x + 32 - 140. What is the tens digit of o?
2
Let f(z) = z**3 + 2*z**2 - 4*z. Let p be f(-3). Let g = p - -19. What is the units digit of g?
2
Let m(p) = -p**2 + 8*p - 2. What is the tens digit of m(6)?
1
Suppose 0 = -w - 12 + 213. What is the units digit of w?
1
Suppose 0 = 3*d - d + 12. Let n = d + 17. What is the tens digit of n?
1
What is the units digit of 0 + 2/5 + 276/10?
8
Suppose 0 = 3*a - 4*a + 77. What is the tens digit of a?
7
Let k be (-9)/6 + (-5)/(-2). Let u(c) = -6*c**3 - c + 1. Let r be u(k). What is the units digit of (-10)/r - 3/(-9)?
2
Let p be (3 + -2 - 10)*1. What is the units digit of (p/(-6))/((-3)/(-4))?
2
Suppose 2*w + 5 + 1 = 0. Let z be w + 1 - -3 - 149. What is the units digit of (-4)/10 - z/20?
7
Let y(i) = 21*i**2. Let a be y(-1). Let n = -3 + a. What is the tens digit of n?
1
Let w = -4 - -6. Suppose 5 = w*z + 1. What is the units digit of z?
2
Let t be 2/4*(-2 + 22). Suppose 0 = -0*k - 2*k - t, 120 = 5*x + 3*k. What is the units digit of x?
7
Let x = 7 - 4. Suppose -x*r = -6 - 0. What is the units digit of r?
2
Suppose 4*u - 3*f = 30 + 78, -2*u = 5*f - 80. What is the units digit of u?
0
Let g(x) = -x**2 - 5*x + 5. Let q(k) be the first derivative of -k**3/3 + k**2 - 2*k + 1. Let t be q(3). What is the units digit of g(t)?
5
What is the units digit of (-2)/(-13) - (1062/(-26) + 2)?
9
What is the tens digit of 4/(-16) + 2*(-762)/(-16)?
9
Suppose -3*t + 15 = -4*s - 17, -2*t - 2*s = 2. Suppose -3*a = -12, t*a + a = 3*z + 17. What is the units digit of z?
1
Let d be (-290)/(-14) + (-12)/(-42). Let i be (-6)/(-21) - 47/(-7). What is the units digit of 37/i - 6/d?
5
What is the units digit of ((-3278)/33)/((-4)/6)?
9
Let l = -11 - -17. Let b = -11 - -12. Let y = l - b. What is the units digit of y?
5
Let x(u) = -u**3 + 8*u**2 + 11*u - 10. Let r be x(9). What is the units digit of (-3)/(-12) - (-70)/r?
9
Suppose 9*c - 4*c = -g - 10, g = 2*c + 11. Suppose q = 3, -g*p - 4*q = -2*p - 15. Let r = 6 - p. What is the units digit of r?
5
Suppose 4*x - 20 = -4. Suppose -h - 78 = -w, -w + 43